 - 715. Calculate p(4).
-27
Let w(c) = -c**2 - 72398*c - 217197. What is w(-3)?
-12
Let n(h) = -h**2 - 338*h + 109813. Give n(203).
-10
Let d(p) = -73335*p - 146682. Determine d(-2).
-12
Let d(j) = -3*j**3 + 348*j**2 - 1342*j - 449. Determine d(112).
-225
Let i(g) = 3*g**3 - 30*g**2 - 247*g + 199. Calculate i(-9).
-2195
Let f(z) = -z**3 - 453*z**2 + 3280*z + 27664. What is f(-460)?
64
Let p(u) = -u**3 + 314*u**2 + 1188*u + 129842. Calculate p(319).
9
Let z(k) = -38*k**2 + 3388*k - 359. Determine z(89).
175
Let j(r) = -72*r**2 + 1366*r - 83. Give j(19).
-121
Let g(s) = -s**3 + 3*s**2 + 170*s - 222. Determine g(14).
2
Let s(i) = 4*i**2 - 140*i - 2741. Calculate s(-14).
3
Let l(a) = 20*a**3 + 318*a**2 - 60*a - 480. Give l(-16).
-32
Let d(c) = 6*c**3 - 695*c**2 + 575*c + 77406. Determine d(114).
0
Let c(h) = -h**3 + 11*h**2 + 2878*h - 31713. What is c(11)?
-55
Let n(c) = 168*c - 28991. What is n(175)?
409
Let m(o) = o**2 + 139*o + 3405. Calculate m(-39).
-495
Let x(n) = -1647*n - 191076. Give x(-116).
-24
Let c(q) = 201488*q - 402980. Give c(2).
-4
Let n(p) = 1076*p + 428279. Determine n(-398).
31
Let m(x) = -128*x**2 - 114*x + 18. What is m(-5)?
-2612
Let x(a) = -a**3 + 236*a**2 - 10645*a + 2446343. Determine x(235).
-7
Let i(p) = p**3 - 63*p**2 - 249*p + 343. Calculate i(67).
1616
Let h(v) = 65154*v + 130294. What is h(-2)?
-14
Let s(r) = 4*r**3 - 139*r**2 - 856*r - 6. Calculate s(-6).
-738
Let u(b) = -24461*b - 48928. Give u(-2).
-6
Let o(w) = -w**2 - 3073*w + 446480. Calculate o(139).
12
Let x(y) = 3*y**2 - 541*y + 2676. Calculate x(5).
46
Let h(c) = 3*c**2 - 37*c + 177. Calculate h(4).
77
Let k(w) = 9945*w + 179004. Give k(-18).
-6
Let n(a) = 26362*a - 210769. Determine n(8).
127
Let g(u) = 2*u**3 + 39*u**2 - 29*u - 21. Give g(-20).
159
Let s(v) = -439*v + 4516. What is s(11)?
-313
Let z(t) = -16*t + 710. Calculate z(-58).
1638
Let d(p) = 26*p**2 + 110*p - 61. Calculate d(-6).
215
Let s(q) = -2*q**3 - 12*q**2 + 4*q - 30. Give s(-7).
40
Let i(b) = -4*b**3 - 219*b**2 - 11*b - 3644. What is i(-55)?
-14
Let n(d) = 170*d**2 - 105729*d - 6879. Give n(622).
-37
Let w(b) = 80*b**3 - 4*b**2 + 208*b + 211. Calculate w(-1).
-81
Let w(k) = -1755*k - 17745. Give w(-10).
-195
Let p(v) = -4*v**2 - 223*v + 1753. Determine p(7).
-4
Let h(w) = 87*w**2 + 9932*w - 41137. Give h(4).
-17
Let y(s) = -1748*s**2 - 34963*s - 78. Calculate y(-20).
-18
Let m(x) = -79064*x - 158133. What is m(-2)?
-5
Let u(i) = -1293*i + 139318. Calculate u(108).
-326
Let u(q) = -11074*q + 11494. Calculate u(1).
420
Let f(u) = 387*u - 88367. Calculate f(228).
-131
Let w(r) = -10942447*r - 120366918. Determine w(-11).
-1
Let k(c) = c**3 + 61*c**2 + 241*c + 762. Determine k(-57).
21
Let u(m) = 4*m**3 + 3*m**2 - 66*m - 381. Calculate u(-7).
-1144
Let j(i) = 3645*i**2 - 7265*i - 2. Give j(2).
48
Let z(o) = 941*o - 1181. What is z(2)?
701
Let t(v) = -v**3 + 308*v**2 + 6169*v - 831. Calculate t(-19).
5
Let l(n) = 2*n**2 - 198*n + 3005. Calculate l(14).
625
Let z(a) = -2*a**3 + 40*a**2 + 124*a + 319. Give z(23).
-3
Let r(n) = -7*n**3 + 461*n**2 + 91*n - 151. What is r(66)?
1499
Let v(y) = -y**2 + 3594*y + 267822. Give v(-73).
131
Let r(d) = -2*d**3 - 722*d**2 + 47682*d + 12536. Determine r(-418).
-4
Let x(s) = -s**3 + 47*s**2 - 403*s - 508. Calculate x(13).
-1
Let z(j) = 634*j**2 - 2559*j + 54. What is z(4)?
-38
Let z(m) = -2*m**3 - 656*m**2 + 727*m + 21272. What is z(-329)?
-1429
Let i(l) = -6751*l - 80994. Calculate i(-12).
18
Let x(d) = 65*d**2 - 332*d + 14. Give x(5).
-21
Let n(y) = 16*y**2 + 1213*y + 5634. Calculate n(-5).
-31
Let d(h) = 6633*h - 19882. Calculate d(3).
17
Let n(m) = 249*m**3 - 9457*m**2 - 182*m - 304. Calculate n(38).
0
Let v(m) = 4*m**3 + 28*m**2 - 45*m - 71. Calculate v(-1).
-2
Let q(z) = -z**3 + 252*z**2 + 502*z + 1542. Give q(254).
18
Let h(w) = -9*w**2 + 956*w + 6769. What is h(-7)?
-364
Let u(b) = -b**2 - 30*b + 134. Determine u(-34).
-2
Let q(g) = 4*g**3 - 18*g**2 + 97*g - 505. Calculate q(5).
30
Let d(q) = 2*q**3 - 72*q**2 + 253*q + 96. Give d(30).
-3114
Let f(d) = -d**3 + 100*d**2 + 60*d - 5982. What is f(100)?
18
Let z(j) = 39*j**2 - 3540*j + 14094. Give z(4).
558
Let w(u) = -98565*u + 492823. Determine w(5).
-2
Let y(f) = -13*f**2 - 80*f - 25. Give y(5).
-750
Let j(d) = 9*d**3 - 91*d**2 - 681*d + 6850. Determine j(10).
-60
Let i(k) = 2659*k + 164814. What is i(-62)?
-44
Let t(g) = 14*g**3 - g**2 + 222*g + 440. What is t(-2)?
-120
Let s(x) = -175*x**2 + 261*x - 43. What is s(-1)?
-479
Let b(w) = -4*w**2 - 582*w - 21280. What is b(-65)?
-350
Let q(n) = 2*n**2 - 930*n - 75008. Calculate q(-70).
-108
Let d(c) = 1563*c**3 + 20*c**2 + 8*c + 1. What is d(-1)?
-1550
Let z(h) = 114932*h + 689465. Give z(-6).
-127
Let v(m) = -3*m**2 - 39*m + 25037. Calculate v(85).
47
Let y(i) = 146*i**2 - 1170*i + 57. Calculate y(8).
41
Let x(l) = -l**2 - 1762*l - 62095. What is x(-36)?
41
Let y(p) = -p**3 + p**2 + 195*p + 836. Give y(-4).
136
Let p(t) = t**3 + 108*t**2 + 214*t - 75. Determine p(-106).
-287
Let w(q) = 34*q**3 + 35*q**2 - 114*q + 11. What is w(3)?
902
Let h(v) = 3*v**3 - 1756*v**2 + 2305*v + 18295. Give h(584).
191
Let r(a) = -11*a**2 - 161*a - 527. Calculate r(-3).
-143
Let p(h) = 2*h**3 - 56*h**2 - 252*h + 7072. Determine p(28).
16
Let q(p) = -4*p**2 - 316*p + 161. Calculate q(-80).
-159
Let u(y) = -29836*y + 895075. Calculate u(30).
-5
Let h(v) = 3*v**2 + 451*v - 1093. Determine h(-157).
2047
Let n(d) = -d**3 - 169*d**2 + 1596*d - 1517. What is n(-178)?
-449
Let x(m) = -93*m**2 - 14599*m + 311. What is x(-157)?
-3
Let o(f) = 5095*f - 66306. Give o(13).
-71
Let u(r) = -r**3 + 2*r**2 + 42*r - 109. Calculate u(3).
8
Let b(g) = -g**3 - 133*g**2 - 1230*g + 12. Calculate b(-123).
12
Let c(z) = 2*z**2 - 102147*z - 919473. What is c(-9)?
12
Let j(r) = -75413*r + 17948307. Give j(238).
13
Let k(o) = 9254*o - 36824. Calculate k(4).
192
Let n(u) = 7*u**2 + 1202*u - 321. What is n(-172)?
23
Let b(c) = 10*c**3 - c**2 - 52*c - 418. Calculate b(0).
-418
Let g(y) = 85*y**2 + 419*y - 5686. Give g(-11).
-10
Let s(c) = 1541*c - 6761. Give s(4).
-597
Let h(b) = 1898*b**2 - 9519*b + 250. What is h(5)?
105
Let r(h) = h**3 - h**2 - 7558*h + 137106. What is r(19)?
2
Let u(o) = o**3 + 48*o**2 + 305*o + 20131. Determine u(-50).
-119
Let a(r) = 3264*r + 731130. Give a(-224).
-6
Let f(b) = 9*b**2 + 46*b + 426. Give f(-8).
634
Let x(n) = 1384*n - 134555. What is x(97)?
-307
Let s(p) = -673*p - 158178. Give s(-235).
-23
Let p(g) = g**3 + 55*g**2 + 464*g + 274. Calculate p(-45).
-356
Let a(m) = 59*m**2 + 1699*m - 37. Give a(-29).
311
Let i(k) = 827*k**2 + 4160*k + 137. Calculate i(-5).
12
Let f(x) = -x**3 - 18*x**2 + 447*x + 5557. Determine f(-27).
49
Let v(a) = -333*a**2 + 4140*a - 29. Determine v(13).
-2486
Let c(l) = -6395*l**2 + 3. What is c(0)?
3
Let h(z) = 1652*z - 110690. What is h(67)?
-6
Let r(l) = l**3 - 3*l**2 - 356*l - 3600. What is r(-11)?
-1378
Let r(s) = 113626*s + 3522405. Determine r(-31).
-1
Let z(c) = -17416*c - 261320. Calculate z(-15).
-80
Let f(t) = -1132*t + 33968. Calculate f(30).
8
Let z(v) = 1777*v + 71091. Determine z(-40).
11
Let f(u) = -77*u**2 + 10011*u - 297616. Determine f(84).
-4
Let c(h) = 91476*h - 548892. What is c(6)?
-36
Let i(s) = 36*s**2 + 234*s - 2793. Determine i(6).
-93
Let t(i) = 11*i**2 + 289*i + 1543. Calculate t(-23).
715
Let t(h) = h**3 - 3*h**2 + 1586*h - 7948. Calculate t(5).
32
Let n(k) = 2*k**3 - 173*k**2 + 283*k - 1042. Give n(85).
1338
Let o(x) = -x**3 - 147*x**2 + 28634*x + 447. Give o(111).
3
Let d(s) = -4*s**2 - 68*s - 84. Determine d(-5).
156
Let w(x) = -2*x**3 - 899*x**2 + 1334*x - 8360. Determine w(-451).
209
Let k(b) = -5*b**3 + 174*b**2 + 220*b - 117. What is k(36)?
27
Let u(b) = -4*b**2 - 54*b + 854. Calculate u(9).
44
Let b(u) = 6465*u - 85170. Calculate b(13).
-1125
Let s(d) = -353*d**2 + 11*d + 4. Determine s(-1).
-360
Let p(x) = -4*x**2 + 1197*x + 104716. What is p(370)?
6
Let t(k) = 154*k - 11134. What is t(74)?
262
Let c(v) = 18*v**2 + 41*v - 210. Determine c(-11).
1517
Let v(a) = -13*a**2 + 114*a - 266. Determine v(4).
-18
Let v(u) = 1428*u + 144227. What is v(-101)?
-1
Let l(k) = k**3 + 1574*k**2 + 359272*k + 822. Give l(-277).
-9
Let m(g) = -5*g**2 - 1445*g - 11141. What is m(-281)?
99
Let z(b) = 5387*b + 64596. Determine z